t common factor of 3 and j.
3
Suppose 203*d - 13689 = 122*d. What is the highest common divisor of d and 377?
13
Suppose 4*o + 5*i = 552, 5*o - 711 = 2*i - 3*i. Let a = o + -125. What is the highest common factor of a and 27?
9
Let u(a) = -7*a + 11*a**2 + 1 + 12*a + 0*a - 2*a. Let t be -3 - (0 - 1)*0. Let b be u(t). What is the highest common divisor of b and 13?
13
Let d = -381 + 397. Suppose d*m + 154 = 23*m. What is the highest common divisor of 418 and m?
22
Let l = -113 + 117. Let x be ((-1084)/1)/(-4) + l. Calculate the greatest common divisor of 11 and x.
11
Let z(v) = 2*v**2 - 2*v + 115. Let q be z(31). Calculate the greatest common divisor of q and 50.
25
Let s = -182770 - -183122. Suppose -p + 0*p = -64. What is the greatest common factor of p and s?
32
Let s be (-116)/14 + (-1 - 18/(-14)). Let c be 6/s*(-8)/(-10)*-5. Suppose -13 = -k - k + c*l, -l = -4*k + 11. Calculate the highest common divisor of 10 and k.
2
Let l = -13418 + 15227. Calculate the highest common factor of 9 and l.
9
Suppose 0 = -7*q - 931 + 952. Suppose 4*x + 124 = q*t + 6*x, -t = x - 40. What is the greatest common factor of 99 and t?
11
Let b(p) = 5*p**2 + 4*p - 33. Let w be b(4). Suppose 2*c + 5*u - 69 = 0, -3*c - 5*u = -16 - 95. What is the highest common factor of c and w?
21
Suppose 0*f - 21*f + 339 = -39. What is the greatest common divisor of 63 and f?
9
Suppose -70 = -g - 58. Let b be 66 - ((-1)/3)/((-2)/g). Calculate the highest common factor of b and 80.
16
Let i = 590 + -586. Suppose -640 = 9*v - 14*v. Calculate the highest common factor of v and i.
4
Suppose 4*l = q + 6967, -37*l + 32*l + q = -8710. Calculate the highest common factor of l and 14.
7
Let a(y) = y**3 - 28*y**2 + y - 32. Let c be a(28). Let z be (c - (-104)/32)*-20. What is the greatest common factor of z and 6?
3
Let a = -2137 - -3082. What is the greatest common factor of a and 6?
3
Suppose -4*h + h - 5*g + 177 = 0, 5*h = -g + 229. What is the greatest common divisor of h and 5698?
22
Let d be 0/1 + (-1 - -4). Suppose -h - 181 = 2*k + 295, 0 = -2*h + k - 962. Let x be h/64*(0 + 66/(-15)). Calculate the greatest common factor of x and d.
3
Suppose 0 = 3*z - 3*r - 20840 + 5876, -3*r + 14946 = 3*z. Calculate the highest common divisor of 5 and z.
5
Suppose 140 = -8*r + 188. Let f be (26/26)/((-4)/r + 1). Let m = 5 - -10. What is the highest common divisor of f and m?
3
Suppose 3*u = 91*v - 88*v - 297, -v + 129 = 4*u. Calculate the highest common factor of v and 5075.
35
Suppose 0 = 434*o - 16057 - 20399. Calculate the greatest common factor of 5187 and o.
21
Let w(z) = -4*z - 62. Let i be w(-15). Let k be (50/20)/((-1)/i). Suppose k = 14*a - 121. Calculate the greatest common divisor of 9 and a.
9
Suppose 0 = -2*q + 4*v + 200, 2*q + 4*v = -0*v + 200. Calculate the highest common divisor of q and 775.
25
Let y be (1 - -176) + 3264/408. Suppose 0 = 6*p - p. Suppose l - 37 = -p*l. What is the highest common divisor of l and y?
37
Let w(f) = -31*f - 201. Let c be w(-7). Let k be (-1)/5 + (-32)/(-10). Suppose 7 = k*a + 1. What is the greatest common factor of c and a?
2
Let m be 18/(-4)*46/(-3). Let t = -38 - -47. Suppose 17 = i + 3*a - t, -4*i - a = -93. What is the greatest common divisor of i and m?
23
Suppose -1 = z, 2*z + 2 = 2*b - 0*z. Suppose 7*l - y = 2*l + 604, l - y - 124 = b. Suppose 5*r - 3*r = l. Calculate the greatest common factor of r and 40.
20
Let q be 192/(-16) - (-16 + -41). What is the highest common divisor of q and 3195?
45
Suppose -37*j = -36*j + l - 5401, l + 16207 = 3*j. What is the highest common factor of 292 and j?
146
Let y be 4/(-6)*(6 + -18). Suppose 1 = 2*o + d, d = 2*d + 5. Suppose -2*v = 2*s - 32, 5*v - o*s - 16 = 32. Calculate the highest common divisor of v and y.
4
Let v = -644 - -714. Calculate the highest common factor of 4130 and v.
70
Suppose 77*p = 76*p - 3*u + 33, -p + 2*u = -28. Calculate the highest common factor of p and 63870.
30
Suppose 11*w + 136 = 12*w. Let p be 1/(-2) + 14/(336/828). Calculate the highest common factor of w and p.
34
Suppose 0 = 5*t - 172 + 147. Suppose -t*y - 34 = -3*o, 0 = -0*o - o + 2*y + 12. What is the greatest common factor of 2 and o?
2
Suppose -5*s - 25272 = -12*s - s. What is the highest common factor of s and 3?
3
Let l be ((-6)/(-7))/((-2)/(-56)). Let a(p) = 188*p - 53724. Let y be a(287). Calculate the highest common factor of l and y.
8
Let m = -83 - -128. Let c be 2*-1 - m/(-5). Suppose 711 = c*q + 18. Calculate the greatest common factor of q and 33.
33
Let d(o) = -8*o + 147. Let c be d(19). Let z be ((-51)/5 - c)*(0 + -80). What is the highest common factor of z and 52?
52
Let t be (17/2)/((-10)/(-240)). Let y = 237 - t. Calculate the greatest common factor of y and 220.
11
Suppose 24*g - 179*g + 121520 = 0. Calculate the greatest common factor of g and 272.
16
Let f(a) = -6*a**2 + 12*a + 13. Let j be f(-1). Let p(k) = 24*k + 132. Let x be p(j). What is the greatest common divisor of 90 and x?
6
Let b be -26*(840/16)/(-15). Suppose -3*q - 19 = -b. Suppose -2*w = -7*w + 3*s + 294, 3*s + 174 = 3*w. What is the greatest common factor of w and q?
12
Let v be 7/(-14)*(-1 - 7). Suppose 16 = -v*z + 128. What is the greatest common factor of z and 448?
28
Let i = 352 - 143. Let h = i + -124. Suppose 34*u + 51 = 37*u. Calculate the greatest common factor of u and h.
17
Suppose 0 = 4*b - 3*f - 16, -5*b - 1 = -2*f - 14. Suppose -11*k - 17*k = -0*k. Suppose -u + 5*u - 16 = k. What is the greatest common factor of u and b?
1
Let v = -906 - -954. What is the greatest common factor of v and 1896?
24
Let r = 1855 + -1060. What is the greatest common divisor of r and 105?
15
Suppose -h + 763*q - 759*q + 346 = 0, -5*h - 5*q + 1755 = 0. Calculate the highest common divisor of 2660 and h.
70
Suppose -2364 = -d - 2*c, -5*d + 20*c + 11790 = 15*c. Let t be d/88 - (-6)/33. Calculate the greatest common factor of 243 and t.
27
Suppose -3 = 3*d - 12. Suppose -4*m - 5 - d = 4*k, 3*m - 2 = 5*k. Let n be 504/(-60)*m*10/2. What is the greatest common factor of 462 and n?
42
Let i = 507 - 51. Suppose -52*u = -39*u - 312. What is the highest common divisor of u and i?
24
Let r be (-4)/(-10)*(-7)/(49/(-11340)). Suppose r*t = 653*t - 105. What is the greatest common factor of t and 525?
21
Let b(n) be the second derivative of 31*n**4/6 - n**3/6 - n - 28. Let x be b(-1). What is the greatest common factor of x and 21?
21
Let d be ((-85)/(-10) - 7)/(0 - (-3)/468). Calculate the highest common factor of 450 and d.
18
Let j = -119 - -232. Suppose 11*v + j = 663. Let w be 10/(4*2/240). Calculate the greatest common divisor of v and w.
50
Let k(u) = -3*u - 3. Let h be k(-9). Let c(x) = -x + 216. Let v be 0/(-1)*(-5 + (-88)/(-16)). Let m be c(v). What is the greatest common factor of h and m?
24
Suppose 0 = -29*d + 36*d - 329. What is the highest common factor of 47 and d?
47
Let u(d) = 33*d + 5. Let v be u(3). Suppose -a + 54 = -4*g + 8*g, 18 = 2*g - 4*a. What is the highest common factor of v and g?
13
Suppose -1320 = 153*p - 156*p. Suppose 10*y - 14*y + p = 0. What is the greatest common factor of 10 and y?
10
Let d = 253 + -151. Let j(c) = 25*c + 15. Let x be j(9). Suppose i = 3*n + x, 1030 = 4*i + 5*n - 3*n. Calculate the highest common divisor of d and i.
51
Let j(f) be the third derivative of 5*f**4/3 - 9*f**3 - 51*f**2 + 1. Let d be j(14). Calculate the greatest common factor of 22 and d.
22
Suppose 4*k - 348 = -8*d + 7*d, k - 4*d = 104. Calculate the highest common factor of k and 200.
8
Suppose 351*z = 345*z - 324. Let x = z + 66. What is the greatest common factor of x and 60?
12
Let t be (-516)/(-8) - (-2)/(-4). Suppose 2*w + 8 = t. Let y be (-507)/(-12) - 2/8. What is the greatest common divisor of w and y?
14
Let d = 927 - 967. Suppose -6*x + 2*x = 5*p - 232, 0 = p - x - 50. Let z = d + p. Calculate the highest common divisor of 64 and z.
8
Let u be 8 + (10/8)/((-3)/12). Let n be 4/(1/(-14)*2). Let b be (120/n)/u*-7. Calculate the greatest common factor of 100 and b.
10
Suppose 11278 = 151*a - 14694. What is the greatest common factor of a and 1118?
86
Suppose 389 = 5*x - m, 47*m - 48*m = -3*x + 237. What is the highest common factor of x and 184?
4
Let i(m) = -2*m**2 - 56*m - 102. Let w be i(-26). Suppose 0 = q - 3*c - 97, 101 + 14